3 + r*z**2 + 3*z. What is s(-5)?
-4
Let z(f) = -2*f**3 - 18*f**2 - 15*f + 10. Let b be z(-8). Let q(o) be the second derivative of 1/2*o**b + 0 - 1/6*o**4 + 13*o - 1/6*o**3. What is q(1)?
-2
Let a(y) = -2*y**2 + 40*y - 68. Let m be a(18). Let l(f) = f**3 - 4*f**2 - f - 5. Give l(m).
-9
Let n be 32*12/24 - 1*2. Let v(u) = -u**2 + 15*u - 15. Calculate v(n).
-1
Let d(z) be the second derivative of -z**5/20 + z**4 + z**3/3 + 6*z**2 + 598*z - 1. What is d(12)?
36
Let x(q) = -2 - 3 - q - 3. Let g(t) = 4 - t + 4*t + 6 + 8. Let s be g(-8). Calculate x(s).
-2
Let p = 450 - 455. Let i(b) = 2*b**2 + 9*b + 1. What is i(p)?
6
Let j(y) = y**3 + 7*y**2 - 10*y - 10. Suppose 6*w + 9 = -39. Calculate j(w).
6
Let o be (-1 + -72)/(-8 + 7). Suppose 2*q + 20 = 4*v, 4*q - 5*v = 24 - o. Let m be (40/q)/(2/4). Let f(y) = -y**3 - 4*y**2 + 6*y - 3. What is f(m)?
-8
Let h(j) = 0 - 3 + 4 - 2*j - 4. Let c(p) = p - 1. Let f(m) = 4*m - 1. Let k(o) = 5*c(o) - f(o). Let g be k(7). What is h(g)?
-9
Let c(f) = -f - 15. Let x = 192 + -206. Give c(x).
-1
Let s(j) be the third derivative of j**4/8 - j**3/3 + 2*j**2 - 262. Calculate s(7).
19
Let w(t) = -t**3 - 4*t**2 - 2*t - 1. Let b be w(-3). Let y(s) be the second derivative of 10*s - 1/20*s**5 - 5/12*s**4 + 0 + 1/6*s**3 + 2*s**2. Calculate y(b).
-16
Let u(t) = -2*t**3 + 2*t**2 - 4*t + 2. Suppose -5*g - d + 6*d + 65 = 0, 2*g + 2*d - 34 = 0. Let s = g + -13. Determine u(s).
-14
Let k(h) = -9*h**2 + 6*h + 11. Let x(g) = 4*g**2 - 3*g - 5. Let m(a) = 3*k(a) + 7*x(a). Let c be m(-1). Let b(s) = -s**3 + 3*s**2 - 3*s + 3. Determine b(c).
1
Let r(w) = w**2 + 17*w + 48. Suppose -51*x = 11*x + 868. Give r(x).
6
Suppose -5*p = 27*g - 26*g + 9, 0 = 2*g + 5*p + 13. Let f(k) = -11*k - 45. Determine f(g).
-1
Let u(w) = 4*w**2 + w. Suppose -3*v + 11*v - 80 = 0. Let s(y) = 0 + 0 - 21*y**2 - v*y + 4*y. Let b(r) = -2*s(r) - 11*u(r). Determine b(2).
-6
Let k(o) be the second derivative of -o**7/840 + o**6/72 - o**5/40 + o**4/8 - 5*o**3/3 + 11*o. Let f(s) be the second derivative of k(s). What is f(3)?
12
Let v(t) be the second derivative of -t**5/20 - 2*t**4/3 + t**3/3 + 7*t**2/2 - t - 26. Calculate v(-8).
-9
Suppose 26 = 8*i - 3*i - 2*x, 2*i = -x + 5. Let w(u) = 5 + 0 - i - 3*u - 4. Give w(-3).
6
Suppose 5*g - 2*g = t + 6, 2*t = -5*g + 32. Let i(n) = -3*n**2 + 7*n - 1. Let k(o) = -13*o**2 + 29*o - 7. Let h(v) = 9*i(v) - 2*k(v). Calculate h(t).
-1
Let r(w) = 2*w - w**2 + 0*w**2 - 1 + 4*w + 4. Let g(j) = 9*j**2 - 54*j + 8. Let t be g(6). Give r(t).
-13
Let d(b) = -b - 1. Let p = 2 - 0. Suppose -4*s - 4 = -2*o + s, -s = p*o + 20. Let l be (-3)/(-3)*(-3 - o). Determine d(l).
-6
Let x(p) = p**2 - 2*p. Let z(b) = -b**2 - 4*b - 1. Let y(m) = 2*m**2 + 5*m. Let r(g) = -3*y(g) - 4*z(g). Let k = 132 - 132. Let u be r(k). What is x(u)?
8
Let t be 9 + 2*(1 + -2). Suppose 7*k + 3 = 8*k. Let i(y) = 6 - 7*y**2 + 6*y**k - 3*y - 3*y - t*y**3. Calculate i(-6).
6
Let j = 55 + -55. Let l(x) be the third derivative of x**6/120 + x**5/60 + x**4/24 - 5*x**3/6 - x**2 + 17*x. What is l(j)?
-5
Let l(x) be the first derivative of x**4/12 - x**3/3 - x**2/2 - 15*x + 10. Let y(u) be the first derivative of l(u). Give y(-2).
7
Let h(z) be the second derivative of -14*z + 1/2*z**2 - 2/3*z**3 + 0 + 1/12*z**4. What is h(3)?
-2
Let f(l) = -37*l + 47 + 38*l - 53. What is f(6)?
0
Let u = -1141 + 1132. Let y(q) = -10*q - 86. Calculate y(u).
4
Let u(x) = x**3 - 3*x**2 + x. Let f be u(2). Let z be (-5 - -5)/((-4)/f). Let w(q) = -10*q + 7*q - 3 + z*q. Determine w(-4).
9
Let m(d) = -8*d - 11 + 13 - 5. Give m(-4).
29
Let y(m) = -11*m - 5 + m**2 - 4*m - m + 17*m. Suppose t = -5*i - 21, -3*i - 33 = -2*t + 2*i. Let p = t - 8. Give y(p).
7
Let i(s) = -s**2 - 4. Let r = -28 + 31. Suppose t = r*t. Determine i(t).
-4
Let n(a) = -a + 4. Suppose 7*t = -44*t + 408. Give n(t).
-4
Let i(z) = 1 - 7*z**2 + 2*z**2 + 2*z + 9 - 7. Let k(b) = 4*b**2 - 2*b - 2. Let h(p) = -3*i(p) - 4*k(p). Determine h(3).
-4
Suppose 0 = -3*o - 26 + 23. Suppose 1 = r + 2*a, -2*a = 4*r + 2*a - 4. Let v(h) = -r + 2*h**2 + 2*h**3 + 6*h**3 - h**2. Calculate v(o).
-8
Let q(x) be the second derivative of 0 - 1/2*x**2 - 2/3*x**3 - 4*x + 1/12*x**4. Let z be q(4). Let v(s) = -7*s + 1. Determine v(z).
8
Suppose -19*d + 36*d = 16*d. Let t(c) be the second derivative of 3*c - 1/2*c**2 + 5/6*c**3 + d. What is t(-1)?
-6
Let z(a) be the second derivative of -26*a - 7/2*a**2 + 0 - 4/3*a**3 + 1/12*a**4. Determine z(9).
2
Let g = -187 - -194. Let l(a) be the third derivative of -1/8*a**4 + 0 + 2/3*a**3 - g*a**2 + 0*a. Give l(4).
-8
Suppose 2*w = -14*v + 11*v + 10, 2*w + 10 = 2*v. Let h(a) = -2*a**2 + a. Calculate h(w).
-3
Let f(r) = r**3 + 2*r**2 - 4*r - 5. Let d(q) = q**3 + q**2 - 5*q - 4. Let p(z) = -4*d(z) + 3*f(z). Calculate p(4).
1
Let o be (-42)/(-11) + 16/88. Suppose o*u = 5*l + 30, -2*u - 4*l + 10 = -18. Let g(p) = p**2 - 10*p - 9. Give g(u).
-9
Let c be 25 + -4 - -2*1. Let i = -29 + c. Let v(l) = 2*l + 3. Calculate v(i).
-9
Let u = -6 - -10. Let w(s) = 0*s**3 - 3 + 4*s - s**3 + u*s**2 + 6. Determine w(5).
-2
Let f(c) = 2*c + 1. Suppose -j - 3*a = -3, 4*j + 0*a + 2*a + 18 = 0. Suppose 3*w - 94 = -2*w - 3*i, -3*i = w - 14. Let k be j/(-18) + w/(-6). Determine f(k).
-5
Let s(p) be the first derivative of -2*p**3 - p**2/2 - 1. Let h = -22 + 31. Suppose -h*r = -1 - 8. What is s(r)?
-7
Let p(f) = -f**2 + 7*f - 4. Suppose 14*q = 8*q. Suppose -5*s + 30 = -q*s. Give p(s).
2
Let r(t) = -t**3 + 5*t**2 - 3*t - 5. Let x be r(4). Let m(f) = 22*f**2 + f - 7. Let y(s) = -2*s**2 - s + 2. Let j(i) = m(i) + 3*y(i). Determine j(x).
17
Let u be 11 + (1 - -1) + -1. Suppose 4*h - u = 5*n, h = 5*n + 2*h - 3. Let p(j) = -16 + 20 - 633*j + 634*j - 14. Determine p(n).
-10
Let d(z) = -2*z**2 + 3*z + 3. Suppose 5*n + 22 = 3*b + 8, 4*b + 16 = -2*n. Calculate d(b).
-11
Let j be 102/(36/6)*-1. Let l(i) = -i**3 - 16*i**2 + 16*i - 11. Calculate l(j).
6
Suppose 5*n + h + 28 = 0, -h + 1 = n - 3*h. Let o(c) = -54*c**2 - 6*c - 3 - 60*c**2 - 53*c**2 + 166*c**2. Determine o(n).
2
Let i(s) = 8*s**2 + 16 + 9 - 25. Give i(1).
8
Let k(h) = 526*h + 6 + 3 + 2*h**3 - 525*h + 8*h**2. Calculate k(-4).
5
Let o(g) = -3*g. Let u(t) = 4*t + 13. Let k(z) = -o(z) - u(z). Calculate k(-10).
-3
Let l(o) = -5*o + 46. Let g(s) = -s + 9. Suppose -3*x + 8*x = 0. Suppose -5*q - 53 = 2*h - h, x = 3*q - 4*h + 41. Let j(m) = q*g(m) + 2*l(m). Calculate j(6).
-1
Let p be (1 - (-9)/(-1))/(-2). Suppose -5*w - p*d = 27, 2*d = 2*w - 0*w. Let a(u) = 2*u - 2. Give a(w).
-8
Suppose -4*a + 2 + 2 = 0. Suppose a = -t + 3*p, -2*t + 4*p = 2*t - 12. Let j(n) be the second derivative of n**4/12 - 5*n**3/6 + n**2/2 - 3*n. Calculate j(t).
1
Let a = -21 - -20. Let i(y) = 19*y**3 + 2*y**2 - 1. Give i(a).
-18
Suppose 3*h - 6 = -0. Let k(q) = -q - 2*q**2 + h*q - 5*q + 3*q**2. Let p = 3 - -3. Give k(p).
12
Let s(c) be the third derivative of 1/60*c**5 + 13/24*c**4 + 48*c**2 - 5/6*c**3 + 0 + 0*c. Calculate s(-13).
-5
Let u(o) be the first derivative of -o**4/4 + 4*o**3/3 - o**2/2 - 6. Let w be (7/6)/(2/12). Suppose d = -5*h - w, -6*h + h - 16 = -2*d. Calculate u(d).
6
Let n = -11 + 13. Let y be 2/n*4 - -1. Let s(l) = y*l - 2*l - l + 3. Determine s(-2).
-1
Suppose 17*j + 32 = 13*j + 5*p, -4*j - 3*p = 0. Let g(b) = -2*b**2 - 3*b - 1. Determine g(j).
-10
Suppose -s + 73 = q, -4*q + 6*s + 257 = 3*s. Let k be 3/(-4) - q/16. Let z(p) = -p**2 - 4*p + 5. Give z(k).
0
Suppose 3*o - 4 = 2*h, -6 - 7 = h + 4*o. Let t(r) be the third derivative of -5/6*r**3 + 2*r**2 + 0*r - 1/24*r**4 + 0. Calculate t(h).
0
Let w = 52 + -54. Let n(z) = -z. Let b be n(0). Let o(h) = 3*h + b - h - 1. Calculate o(w).
-5
Let f(c) = -c**3 - 2*c**2 - 7*c + 6. Let l(n) = -n**3 - n**2 + n. Let z(o) = -f(o) + 2*l(o). Calculate z(3).
-6
Let n(r) be the first derivative of r**3 + 1/12*r**4 + 3/2*r**2 - 4*r + 5. Let p(a) be the first derivative of n(a). Give p(-7).
10
Let k(g) be the third derivative of g**6/120 - g**5/12 - g**4/4 - 4*g**3/3 + g**2. Let t(l) = l**2 - 8*l - 27. Let m be t(-3). What is k(m)?
-8
Let v(z) be the second derivative of 0 - 1/2*z**2 + 1/6*z**3 - 2*z. Let q(s) = -s**3 - 18*s**2 - 80*s - 3. Let h be q(-10). Calculate v(h).
-4
Let g(m) = -2*m**2 - 37*m - 15. Let h be g(-18). Suppose 5*b + 3*p + 1 = 4*b, -3*b = h*p + 15. Let i(f) = -f + 3. W